{"id":639,"date":"2016-04-21T10:59:11","date_gmt":"2016-04-21T08:59:11","guid":{"rendered":"http:\/\/pieszkow.pl\/?page_id=639"},"modified":"2016-08-08T16:56:34","modified_gmt":"2016-08-08T14:56:34","slug":"rozklad-nabozenstw","status":"publish","type":"page","link":"http:\/\/pieszkow.pl\/?page_id=639","title":{"rendered":"Rozk\u0142ad nabo\u017ce\u0144stw"},"content":{"rendered":"<article><span style=\"color: #4d3305;\"><strong>ROZK\u0141AD NABO\u017bE\u0143STW W KO\u015aCIELE W PIESZKOWIE<\/strong><\/span><\/article>\n<article><span style=\"color: #ff6600;\"><strong>1.Msze \u015bwi\u0119te:<\/strong><\/span><br \/>\n&#8211; niedziela, godz 11.00\u00a0 czwartek, godz. 17.00\u00a0 (w \u015bwi\u0119ta i uroczysto\u015bci \u2013 godz. 16.30).<\/article>\n<article><span style=\"color: #ff6600;\"><strong>2. Odpusty:<\/strong><\/span><\/article>\n<article>&#8211; 26 sierpnia (pi\u0105tek), o godzinie 18.00<\/article>\n<article><strong><span style=\"color: #ff6600;\">3. Msze \u015bwi\u0119te i nabo\u017ce\u0144stwa w specjalnych intencjach:<\/span><\/strong><br \/>\n&#8211; I czwartek \u2013 Eucharystia i Nabo\u017ce\u0144stwo w intencji powo\u0142a\u0144 do s\u0142u\u017cby w ko\u015bciele\u00a0 godz. 17.00<br \/>\n&#8211; Adoracja Naj\u015bwi\u0119tszego Sakramentu i Spowied\u017a I czwartek miesi\u0105ca: 17.30 \u2013 18.30<\/article>\n<article><span style=\"color: #ff6600;\"><strong>4. Nabo\u017ce\u0144stwa okresowe:<\/strong><\/span><\/article>\n<article>&#8211; <strong>Maj:<\/strong> nabo\u017ce\u0144stwo do NMP, czwartek ok. godz. 17.30 (po mszy \u015bwi\u0119tej)<br \/>\n&#8211; <strong>Czerwiec:<\/strong> nabo\u017ce\u0144stwo ku czci Naj\u015bwi\u0119tszego Serca Pana Jezusa czwartek, godz. 16.30<\/article>\n<article>&#8211;<strong> Pa\u017adziernik:<\/strong> nabo\u017ce\u0144stwo r\u00f3\u017ca\u0144cowe czwartek, godz. 16:30.<\/article>\n<article>&#8211; <strong>Listopad:<\/strong> Modlitwy za zmar\u0142ych<\/article>\n<article>czwartek 16.30 r\u00f3\u017caniec za zmar\u0142ych i Msza \u015bw. za zmar\u0142ych poleconych w wypominkach godz. 17.00<\/article>\n<article>\n<div>&#8211; <strong>Roraty (w Adwencie): <\/strong>czwartek: godz. 17.00.<\/div>\n<div>&#8211;<strong> Droga Krzy\u017cowa:<\/strong> w ka\u017cdy czwartek Wielkiego Postu: godz. 16.30.<\/div>\n<div>&#8211;<strong> Gorzkie \u017bale:<\/strong> w ka\u017cd\u0105 niedziel\u0119 Wielkiego Postu przed Eucharysti\u0105.<\/div>\n<div>\u00a0<strong><span style=\"color: #ff6600;\">5. Inne:<\/span><\/strong><br \/>\n&#8211; <strong>I Komunia \u015awi\u0119ta<\/strong> \u2013 11 czerwca 2017 r. \/I grupa godz. 9.30; II grupa: godz. 11.00\/ \u2013 ko\u015bci\u00f3\u0142 w Osieku<\/div>\n<div>oraz: 18 czerwca 2017 r. grupa dzieci z Pieszkowa, w ko\u015bciele w Pieszkowie godz. 11.00<br \/>\n&#8211; <strong>Rocznica I Komunii \u015awi\u0119tej<\/strong> \u2013 Uroczysto\u015b\u0107 Bo\u017cego Cia\u0142a \u2013 26 maja 2016 r. \/godz. 11.30\/- Osiek.<br \/>\n&#8211; <strong>Sakrament Bierzmowania<\/strong> \u2013 2017 r.<\/div>\n<div><span style=\"color: #0000ff;\"><em>\u017ar\u00f3d\u0142o: <a style=\"color: #0000ff;\" href=\"http:\/\/parafiaosiek.pl\">parafiaosiek.pl<\/a><\/em><\/span><\/div>\n<\/article>\n","protected":false},"excerpt":{"rendered":"ROZK\u0141AD NABO\u017bE\u0143STW W KO\u015aCIELE W PIESZKOWIE 1.Msze \u015bwi\u0119te: &#8211; niedziela, godz 11.00\u00a0 czwartek, godz. 17.00\u00a0 (w \u015bwi\u0119ta i uroczysto\u015bci \u2013 godz. 16.30). 2. Odpusty: &#8211; 26 sierpnia (pi\u0105tek), o godzinie 18.00 3. Msze \u015bwi\u0119te i nabo\u017ce\u0144stwa w specjalnych intencjach: &#8211; I czwartek \u2013 Eucharystia i Nabo\u017ce\u0144stwo w intencji powo\u0142a\u0144 do s\u0142u\u017cby w ko\u015bciele\u00a0 godz. 17.00&#8230; <a class=\"view-article\" href=\"http:\/\/pieszkow.pl\/?page_id=639\">Czytaj ca\u0142o\u015b\u0107&#8230;<\/a>","protected":false},"author":2,"featured_media":0,"parent":0,"menu_order":0,"comment_status":"closed","ping_status":"closed","template":"","meta":{"footnotes":""},"class_list":["post-639","page","type-page","status-publish","hentry"],"_links":{"self":[{"href":"http:\/\/pieszkow.pl\/index.php?rest_route=\/wp\/v2\/pages\/639","targetHints":{"allow":["GET"]}}],"collection":[{"href":"http:\/\/pieszkow.pl\/index.php?rest_route=\/wp\/v2\/pages"}],"about":[{"href":"http:\/\/pieszkow.pl\/index.php?rest_route=\/wp\/v2\/types\/page"}],"author":[{"embeddable":true,"href":"http:\/\/pieszkow.pl\/index.php?rest_route=\/wp\/v2\/users\/2"}],"replies":[{"embeddable":true,"href":"http:\/\/pieszkow.pl\/index.php?rest_route=%2Fwp%2Fv2%2Fcomments&post=639"}],"version-history":[{"count":4,"href":"http:\/\/pieszkow.pl\/index.php?rest_route=\/wp\/v2\/pages\/639\/revisions"}],"predecessor-version":[{"id":2378,"href":"http:\/\/pieszkow.pl\/index.php?rest_route=\/wp\/v2\/pages\/639\/revisions\/2378"}],"wp:attachment":[{"href":"http:\/\/pieszkow.pl\/index.php?rest_route=%2Fwp%2Fv2%2Fmedia&parent=639"}],"curies":[{"name":"wp","href":"https:\/\/api.w.org\/{rel}","templated":true}]}}

Rozkład nabożeństw

<article><span style="color: #4d3305;"><strong>ROZKŁAD NABOŻEŃSTW W KOŚCIELE W PIESZKOWIE</strong></span></article>
<article><span style="color: #ff6600;"><strong>1.Msze święte:</strong></span><br />
&#8211; niedziela, godz 11.00  czwartek, godz. 17.00  (w święta i uroczystości – godz. 16.30).</article>
<article><span style="color: #ff6600;"><strong>2. Odpusty:</strong></span></article>
<article>&#8211; 26 sierpnia (piątek), o godzinie 18.00</article>
<article><strong><span style="color: #ff6600;">3. Msze święte i nabożeństwa w specjalnych intencjach:</span></strong><br />
&#8211; I czwartek – Eucharystia i Nabożeństwo w intencji powołań do służby w kościele  godz. 17.00<br />
&#8211; Adoracja Najświętszego Sakramentu i Spowiedź I czwartek miesiąca: 17.30 – 18.30</article>
<article><span style="color: #ff6600;"><strong>4. Nabożeństwa okresowe:</strong></span></article>
<article>&#8211; <strong>Maj:</strong> nabożeństwo do NMP, czwartek ok. godz. 17.30 (po mszy świętej)<br />
&#8211; <strong>Czerwiec:</strong> nabożeństwo ku czci Najświętszego Serca Pana Jezusa czwartek, godz. 16.30</article>
<article>&#8211;<strong> Październik:</strong> nabożeństwo różańcowe czwartek, godz. 16:30.</article>
<article>&#8211; <strong>Listopad:</strong> Modlitwy za zmarłych</article>
<article>czwartek 16.30 różaniec za zmarłych i Msza św. za zmarłych poleconych w wypominkach godz. 17.00</article>
<article>
<div>&#8211; <strong>Roraty (w Adwencie): </strong>czwartek: godz. 17.00.</div>
<div>&#8211;<strong> Droga Krzyżowa:</strong> w każdy czwartek Wielkiego Postu: godz. 16.30.</div>
<div>&#8211;<strong> Gorzkie Żale:</strong> w każdą niedzielę Wielkiego Postu przed Eucharystią.</div>
<div> <strong><span style="color: #ff6600;">5. Inne:</span></strong><br />
&#8211; <strong>I Komunia Święta</strong> – 11 czerwca 2017 r. /I grupa godz. 9.30; II grupa: godz. 11.00/ – kościół w Osieku</div>
<div>oraz: 18 czerwca 2017 r. grupa dzieci z Pieszkowa, w kościele w Pieszkowie godz. 11.00<br />
&#8211; <strong>Rocznica I Komunii Świętej</strong> – Uroczystość Bożego Ciała – 26 maja 2016 r. /godz. 11.30/- Osiek.<br />
&#8211; <strong>Sakrament Bierzmowania</strong> – 2017 r.</div>
<div><span style="color: #0000ff;"><em>źródło: <a style="color: #0000ff;" href="http://parafiaosiek.pl">parafiaosiek.pl</a></em></span></div>
</article>

ROZKŁAD NABOŻEŃSTW W KOŚCIELE W PIESZKOWIE 1.Msze święte: &#8211; niedziela, godz 11.00  czwartek, godz. 17.00  (w święta i uroczystości – godz. 16.30). 2. Odpusty: &#8211; 26 sierpnia (piątek), o godzinie 18.00 3. Msze święte i nabożeństwa w specjalnych intencjach: &#8211; I czwartek – Eucharystia i Nabożeństwo w intencji powołań do służby w kościele  godz. 17.00&#8230; <a class="view-article" href="http://pieszkow.pl/?page_id=639">Czytaj całość&#8230;</a>
