{"id":643,"date":"2016-04-21T11:01:08","date_gmt":"2016-04-21T09:01:08","guid":{"rendered":"http:\/\/pieszkow.pl\/?page_id=643"},"modified":"2016-05-30T10:01:11","modified_gmt":"2016-05-30T08:01:11","slug":"kontakt-z-proboszczem","status":"publish","type":"page","link":"http:\/\/pieszkow.pl\/?page_id=643","title":{"rendered":"Kontakt z proboszczem"},"content":{"rendered":"<article><strong>Obecnie proboszczem w naszej parafii jest ks. Wojciech Skowron <\/strong><br \/>\n<strong>kancelaria:<\/strong><\/article>\n<article>\u00a0\u00a0\u00a0\u00a0\u00a0\u00a0\u00a0\u00a0\u00a0\u00a0\u00a0\u00a0\u00a0\u00a0\u00a0\u00a0\u00a0\u00a0\u00a0\u00a0\u00a0\u00a0\u00a0\u00a0\u00a0\u00a0\u00a0\u00a0\u00a0\u00a0\u00a0\u00a0\u00a0\u00a0\u00a0\u00a0\u00a0\u00a0\u00a0\u00a0<strong><hr class=\"wc-shortcodes-spacing \" style=\"height: 10px\" \/>\u00a0\u00a0\u00a0\u00a0\u00a0\u00a0\u00a0\u00a0\u00a0\u00a0\u00a0\u00a0\u00a0\u00a0\u00a0\u00a0\u00a0 \u00a0 \u00a0 \u00a0 \u00a0 \u00a0 \u00a0 \u00a0 \u00a0 \u00a0 \u00a0 \u00a0 \u00a0 <\/strong>Osiek -DOM PARAFIALNY, ul. \u015bw. Katarzyny 73<\/article>\n<article>\u00a0\u00a0\u00a0\u00a0\u00a0\u00a0\u00a0\u00a0\u00a0\u00a0\u00a0\u00a0\u00a0\u00a0\u00a0\u00a0\u00a0\u00a0\u00a0\u00a0\u00a0\u00a0\u00a0\u00a0\u00a0\u00a0\u00a0\u00a0\u00a0\u00a0\u00a0\u00a0\u00a0\u00a0\u00a0\u00a0\u00a0\u00a0\u00a0\u00a0\u00a0\u00a0\u00a0\u00a0 Od poniedzia\u0142ku do pi\u0105tku po Mszy \u015bwi\u0119tej.<\/article>\n<article>Kancelaria nieczynna w \u015bwi\u0119ta pa\u0144stwowe oraz w niedziele, \u015bwi\u0119ta i uroczysto\u015bci ko\u015bcielne.Mo\u017cliwe zmiany w godzinach pracy kancelarii \u2013 m.in. podczas wizyty duszpasterskiej, w czasie pe\u0142nienia pos\u0142ugi sakramentalnej w innych parafiach, spotka\u0144 duszpasterskich organizowanych przez biskupa legnickiego, itp.<\/article>\n<article>\u00a0\u00a0\u00a0\u00a0\u00a0\u00a0\u00a0\u00a0\u00a0\u00a0\u00a0\u00a0\u00a0\u00a0\u00a0\u00a0\u00a0\u00a0\u00a0\u00a0\u00a0\u00a0\u00a0 W przypadku pilnego kontaktu prosz\u0119 dzwoni\u0107 na nr 511-476-570<\/article>\n","protected":false},"excerpt":{"rendered":"Obecnie proboszczem w naszej parafii jest ks. Wojciech Skowron kancelaria: \u00a0\u00a0\u00a0\u00a0\u00a0\u00a0\u00a0\u00a0\u00a0\u00a0\u00a0\u00a0\u00a0\u00a0\u00a0\u00a0\u00a0\u00a0\u00a0\u00a0\u00a0\u00a0\u00a0\u00a0\u00a0\u00a0\u00a0\u00a0\u00a0\u00a0\u00a0\u00a0\u00a0\u00a0\u00a0\u00a0\u00a0\u00a0\u00a0\u00a0\u00a0\u00a0\u00a0\u00a0\u00a0\u00a0\u00a0\u00a0\u00a0\u00a0\u00a0\u00a0\u00a0\u00a0\u00a0\u00a0\u00a0 \u00a0 \u00a0 \u00a0 \u00a0 \u00a0 \u00a0 \u00a0 \u00a0 \u00a0 \u00a0 \u00a0 \u00a0 Osiek -DOM PARAFIALNY, ul. \u015bw. Katarzyny 73 \u00a0\u00a0\u00a0\u00a0\u00a0\u00a0\u00a0\u00a0\u00a0\u00a0\u00a0\u00a0\u00a0\u00a0\u00a0\u00a0\u00a0\u00a0\u00a0\u00a0\u00a0\u00a0\u00a0\u00a0\u00a0\u00a0\u00a0\u00a0\u00a0\u00a0\u00a0\u00a0\u00a0\u00a0\u00a0\u00a0\u00a0\u00a0\u00a0\u00a0\u00a0\u00a0\u00a0\u00a0 Od poniedzia\u0142ku do pi\u0105tku po Mszy \u015bwi\u0119tej. Kancelaria nieczynna w \u015bwi\u0119ta pa\u0144stwowe oraz w niedziele, \u015bwi\u0119ta i uroczysto\u015bci ko\u015bcielne.Mo\u017cliwe zmiany w godzinach pracy kancelarii&#8230; <a class=\"view-article\" href=\"http:\/\/pieszkow.pl\/?page_id=643\">Czytaj ca\u0142o\u015b\u0107&#8230;<\/a>","protected":false},"author":2,"featured_media":0,"parent":0,"menu_order":0,"comment_status":"closed","ping_status":"closed","template":"","meta":{"footnotes":""},"class_list":["post-643","page","type-page","status-publish","hentry"],"_links":{"self":[{"href":"http:\/\/pieszkow.pl\/index.php?rest_route=\/wp\/v2\/pages\/643","targetHints":{"allow":["GET"]}}],"collection":[{"href":"http:\/\/pieszkow.pl\/index.php?rest_route=\/wp\/v2\/pages"}],"about":[{"href":"http:\/\/pieszkow.pl\/index.php?rest_route=\/wp\/v2\/types\/page"}],"author":[{"embeddable":true,"href":"http:\/\/pieszkow.pl\/index.php?rest_route=\/wp\/v2\/users\/2"}],"replies":[{"embeddable":true,"href":"http:\/\/pieszkow.pl\/index.php?rest_route=%2Fwp%2Fv2%2Fcomments&post=643"}],"version-history":[{"count":5,"href":"http:\/\/pieszkow.pl\/index.php?rest_route=\/wp\/v2\/pages\/643\/revisions"}],"predecessor-version":[{"id":1899,"href":"http:\/\/pieszkow.pl\/index.php?rest_route=\/wp\/v2\/pages\/643\/revisions\/1899"}],"wp:attachment":[{"href":"http:\/\/pieszkow.pl\/index.php?rest_route=%2Fwp%2Fv2%2Fmedia&parent=643"}],"curies":[{"name":"wp","href":"https:\/\/api.w.org\/{rel}","templated":true}]}}

<article><strong>Obecnie proboszczem w naszej parafii jest ks. Wojciech Skowron </strong><br />
<strong>kancelaria:</strong></article>
<article>                                        <strong><hr class="wc-shortcodes-spacing " style="height: 10px" />                                          </strong>Osiek -DOM PARAFIALNY, ul. św. Katarzyny 73</article>
<article>                                             Od poniedziałku do piątku po Mszy świętej.</article>
<article>Kancelaria nieczynna w święta państwowe oraz w niedziele, święta i uroczystości kościelne.Możliwe zmiany w godzinach pracy kancelarii – m.in. podczas wizyty duszpasterskiej, w czasie pełnienia posługi sakramentalnej w innych parafiach, spotkań duszpasterskich organizowanych przez biskupa legnickiego, itp.</article>
<article>                        W przypadku pilnego kontaktu proszę dzwonić na nr 511-476-570</article>

Obecnie proboszczem w naszej parafii jest ks. Wojciech Skowron kancelaria:                                                                                   Osiek -DOM PARAFIALNY, ul. św. Katarzyny 73                                              Od poniedziałku do piątku po Mszy świętej. Kancelaria nieczynna w święta państwowe oraz w niedziele, święta i uroczystości kościelne.Możliwe zmiany w godzinach pracy kancelarii&#8230; <a class="view-article" href="http://pieszkow.pl/?page_id=643">Czytaj całość&#8230;</a>
