{"id":83,"date":"2016-04-18T11:45:14","date_gmt":"2016-04-18T09:45:14","guid":{"rendered":"http:\/\/pieszkow.pl\/?page_id=83"},"modified":"2018-04-29T12:36:51","modified_gmt":"2018-04-29T10:36:51","slug":"kontakt","status":"publish","type":"page","link":"http:\/\/pieszkow.pl\/?page_id=83","title":{"rendered":"KONTAKT"},"content":{"rendered":"<p>Wszelkie uwagi na temat funkcjonowania strony prosz\u0119 zg\u0142asza\u0107 na adres e-mail:<\/p>\n<p><span style=\"text-decoration: underline;\"><em><strong>marcin@pieszkow.pl<\/strong><\/em><\/span><\/p>\n","protected":false},"excerpt":{"rendered":"Wszelkie uwagi na temat funkcjonowania strony prosz\u0119 zg\u0142asza\u0107 na adres e-mail: marcin@pieszkow.pl","protected":false},"author":2,"featured_media":0,"parent":0,"menu_order":0,"comment_status":"closed","ping_status":"closed","template":"","meta":{"footnotes":""},"class_list":["post-83","page","type-page","status-publish","hentry"],"_links":{"self":[{"href":"http:\/\/pieszkow.pl\/index.php?rest_route=\/wp\/v2\/pages\/83","targetHints":{"allow":["GET"]}}],"collection":[{"href":"http:\/\/pieszkow.pl\/index.php?rest_route=\/wp\/v2\/pages"}],"about":[{"href":"http:\/\/pieszkow.pl\/index.php?rest_route=\/wp\/v2\/types\/page"}],"author":[{"embeddable":true,"href":"http:\/\/pieszkow.pl\/index.php?rest_route=\/wp\/v2\/users\/2"}],"replies":[{"embeddable":true,"href":"http:\/\/pieszkow.pl\/index.php?rest_route=%2Fwp%2Fv2%2Fcomments&post=83"}],"version-history":[{"count":4,"href":"http:\/\/pieszkow.pl\/index.php?rest_route=\/wp\/v2\/pages\/83\/revisions"}],"predecessor-version":[{"id":5290,"href":"http:\/\/pieszkow.pl\/index.php?rest_route=\/wp\/v2\/pages\/83\/revisions\/5290"}],"wp:attachment":[{"href":"http:\/\/pieszkow.pl\/index.php?rest_route=%2Fwp%2Fv2%2Fmedia&parent=83"}],"curies":[{"name":"wp","href":"https:\/\/api.w.org\/{rel}","templated":true}]}}